**2 + w. Let j(z) = -4*z**2 + 2*z + 4. Let k(a) = -a**2 + a + 1. Let v(m) = j(m) - 3*k(m). Let h be v(1). Calculate l(h).
-2
Suppose 5*u - 17 = 8. Let o(z) = z**2 - 3*z - 1. Give o(u).
9
Let m(b) be the third derivative of -7/6*b**3 + 1/120*b**6 + 0 + b**2 - 5/24*b**4 + 0*b - 1/15*b**5. Calculate m(5).
-7
Let u(m) be the first derivative of -m**2 + 35. Calculate u(-4).
8
Suppose -3 = -m, -y - 8 = -2*m + 7. Let u(k) = -k + 1. Calculate u(y).
10
Let z(b) = -b**3 + 4*b**2 + 3*b + 4. Suppose 5*p = -4*q + 15, -2*q - 3*p = q - 9. Let g(h) = -3*h**2 + q + 2*h**2 + 9*h - 9. Let a be g(7). What is z(a)?
-6
Let o(i) = i**2 - 2*i + 3. Suppose -2*t + 0 + 8 = 0. What is o(t)?
11
Let o(n) = -3*n**2 - 3*n - 5. Let p(w) = 10*w**2 + 7*w + 15. Let a(q) = 7*o(q) + 2*p(q). Calculate a(-6).
1
Let u(v) = 0 + 8*v - 1 + 2 + 2. What is u(-3)?
-21
Let r(q) = -7*q + 17. Let w(x) = -4*x + 9. Let y(u) = 6*r(u) - 11*w(u). Determine y(3).
9
Let w(b) be the third derivative of -b**6/120 - b**5/60 - b**4/12 - b**3/2 + 25*b**2. Let t = -5 + 3. Determine w(t).
5
Let m(p) = -3*p - 1 + p**2 - 3*p + 4*p + 7*p. What is m(-4)?
-5
Suppose -i + 4*k = -8, 0 = 5*i - 9*k + 4*k - 25. Let t(d) = d**3 - 2*d**2 - 6*d + 3. What is t(i)?
11
Let y(m) = -2*m - 6*m**2 + 1 + 4*m + 0 - m. Suppose -2*i + i - 1 = 0. Calculate y(i).
-6
Let b(q) = q**2 - q - 1. Let d(j) = 3*j**2 - 2. Let h(x) = -2*b(x) + d(x). Suppose -3*z + 9 = -6*z. Calculate h(z).
3
Suppose 0*a + 8 = 2*a. Suppose -4 = h, 3*h = -a*q + h. Let o(t) = -3*t - 2*t - 5 - t**q + 11. Calculate o(-5).
6
Let r(i) be the first derivative of i**2 - 3*i + 17. What is r(3)?
3
Let f(w) be the second derivative of -w**8/6720 - w**7/1260 - w**5/60 + 5*w**4/12 - 2*w. Let i(v) be the third derivative of f(v). Give i(-2).
-2
Let f(p) = 8*p - 1. Let z be (2 - (-15)/(-6))*2. Let j(t) = -3*t**3 - t**2. Let q be j(z). Suppose -q = -v - v. Calculate f(v).
7
Let d(b) = -b**3 + b**2 - b + 10. Suppose 2*q = -2 + 10. Suppose -2*m = -q*m. Determine d(m).
10
Let k be 10/(-5) - (-2 + 2). Let j(h) = -3*h**2 - 3*h. Give j(k).
-6
Let r(w) = -2*w**2 + 2*w. Let v be 10/6 - 17/(-51). What is r(v)?
-4
Suppose 5*w - 11 + 41 = 0. Let p(f) = f + 1. Let n(s) = s - 4. Let l(x) = -n(x) + 3*p(x). Calculate l(w).
-5
Let h(s) = 0*s**2 - s**2 + 1 + 4*s + 2. Suppose 20 = 3*c - i, 5*c - 63 = 5*i - 13. Give h(c).
-2
Let p(b) = 9*b - 10 - 2 + 3*b - 2*b - b**2. Give p(8).
4
Let g(m) be the third derivative of 0*m**5 - 1/6*m**3 + 1/120*m**6 - 2*m**2 + 1/12*m**4 + 0 + 0*m. Calculate g(1).
2
Suppose -2*n = 3*v + 5 - 13, 0 = -v - 3*n - 2. Let u(b) = 2 + 3*b + 2 - 8 - v*b. Give u(5).
-9
Let i(t) be the second derivative of t**5/20 - t**4/12 - 80*t + 2. Let h be -2 - -1 - (-1 - 0). What is i(h)?
0
Let k(u) be the first derivative of u**5/20 + 7*u**4/12 + 3*u**3/2 + 9*u**2/2 - 4*u + 2. Let y(h) be the first derivative of k(h). Calculate y(-6).
-9
Let g(w) = w. Let c be (-14)/21 - (-2)/(-6). Calculate g(c).
-1
Let p(i) = -2*i + 3. Suppose -7 = 2*b - 13. What is p(b)?
-3
Let b = 1 - 1. Let q(w) be the first derivative of -3 - 1/3*w**3 - 1/2*w**2 + 7*w. Calculate q(b).
7
Let p(c) = 3*c**3 - c + c**2 + 0*c**2 + 2 - 2*c**3 + c**3. Let z(j) = -3*j**3 - j**2 + j - 3. Let t(m) = -5*p(m) - 3*z(m). Suppose -2*a = a + 6. What is t(a)?
-5
Let r(z) = 4*z + z + 18 - 18. Determine r(1).
5
Let g(u) = -u + 3. Let k be g(0). Let m be 3/(k - (0 - -2)). Let q(i) = -i - 1. Let y(n) = -3*n - 10. Let d(o) = 4*q(o) - y(o). What is d(m)?
3
Let v(w) = -10*w**3 + 9*w**2 + 13*w - 16. Let y(f) = -7*f**3 + 6*f**2 + 9*f - 11. Let s = 23 - 18. Let c(z) = s*v(z) - 7*y(z). Determine c(2).
5
Suppose a - 3 - 2 = 0. Let w(p) = -p**3 + 4*p**2 + 6*p - 6. What is w(a)?
-1
Let d(t) = 4 + 14*t + 14*t - 27*t. Determine d(-4).
0
Let z(l) = -5*l + 55. Let u(x) = -x + 11. Let m(i) = -11*u(i) + 2*z(i). What is m(13)?
2
Let p(i) = -3. Let d(h) = -7. Let v(c) = -4*d(c) + 10*p(c). Let f = 17 - 20. Let n(o) = -o - 1. Let b(y) = f*n(y) + 2*v(y). Give b(-1).
-4
Let b(v) be the second derivative of -v**5/20 - v**4/3 + 2*v**2 - 9*v. Determine b(-3).
-5
Let d be 6*(-2)/(-6)*1. Let o(w) = w**2 - 7*w + 1. Let x(h) = h. Let q(f) = -o(f) - 5*x(f). Calculate q(d).
-1
Let u be (15/10)/((-6)/(-4)). Let g(t) = -13*t - 1. What is g(u)?
-14
Let v(q) = 7*q**2 + 6*q - 10. Let l(w) = 4*w**2 + 4*w - 5. Let i(k) = -5*l(k) + 3*v(k). What is i(4)?
3
Let t(i) = i**2 - 8*i + 2. Let g be t(8). Let w(d) = -66*d + 66*d - 4*d**g. Determine w(-1).
-4
Let f(n) be the first derivative of 3/2*n**2 + 3 - 3*n. What is f(3)?
6
Let n(i) = -i**3 + 5*i**2 - i - 5. Suppose 0 = -6*h + 3*h + 90. Suppose t + 3 = 0, 3*q - 4*t = t + h. Give n(q).
-10
Let f(k) = -k - 6. Let d be f(-8). Let l be d - (-6)/(8/4). Let y(b) = -b + 3. Give y(l).
-2
Let o(v) = -2*v**3 - 59*v**2 - 29*v - 6. Let k be o(-29). Let z(x) = x**3 + 6*x**2 + 6. Give z(k).
6
Let d(h) = h. Let a(f) = 1. Let j(v) = -a(v) + d(v). Let q(r) = -5*r + 6. Let o(m) = -6*j(m) - q(m). Calculate o(0).
0
Let i(k) = 6*k**2 + 1 - 3 + 8*k + k**3 + 1 - 4*k. Let t be 8/6 - 8/(-12). Suppose 4*r = 2*h - r, 4 = -t*r. Give i(h).
4
Suppose -4*r + 4 = 4*u, u + 3*r + 2*r = 1. Let b(w) be the first derivative of 2 + 1 + u + 4*w - 2 - w**2. Determine b(3).
-2
Let r(s) = -s**2 + 1. Suppose 5*y + 5 + 5 = -3*q, 0 = -4*q. Calculate r(y).
-3
Let y(k) be the first derivative of -k**3/3 - 5*k**2/2 - 5*k - 5. Give y(-5).
-5
Suppose -3*c + 8*c + 3*h + 29 = 0, -5*h = c + 19. Let t(l) = -l**2 - 4*l + 4. What is t(c)?
4
Let a(v) = -v - 3. Suppose -3*u = -2*j + 36, -6*u = 4*j - 3*u - 72. Suppose 0*z + j = 2*z. Let f be ((-5)/15)/((-1)/z). Determine a(f).
-6
Let l(v) be the first derivative of v**3/3 + 3*v**2/2 + 4*v + 2. Determine l(-3).
4
Let i(z) = -7*z**2 + 3*z**2 + 3*z + 0*z**2 - 2*z. Let p(l) = -l**2 - 3*l + 1. Let r be p(-3). Give i(r).
-3
Let n(r) = -2*r - 4. Suppose -2 = -3*b + 10. Suppose b*f + 3*c - 8 = 0, 4*f + 3*c - c = 12. Suppose -2*t - 2*t - 35 = f*g, -2*t = -5*g - 5. Determine n(g).
2
Let h(j) = 7*j**2 + 1. Suppose 2*d + 22 - 70 = 0. Suppose b = 4*b - d. Suppose -m = -5*q + 2 - 0, 5*q + m = b. Determine h(q).
8
Let a(r) = 3 - 4*r + 2*r + r - 1. Determine a(5).
-3
Suppose 13 = 5*f - 3*p - 42, 3*p - 9 = -3*f. Let h(o) = -o + 0*o + f*o. What is h(1)?
7
Let b be (-15)/9 - (-2)/(-6). Let j = b - -3. Let c(u) = j + 9*u - 1 + 1. Calculate c(-1).
-8
Let f = 2 + -4. Let n(t) = -7*t - 1. What is n(f)?
13
Suppose h - 2 = 1. Let i(l) = l - 912 + 912. What is i(h)?
3
Let i(v) be the third derivative of v**4/24 + 2*v**3/3 + 4*v**2. Calculate i(-3).
1
Let o(v) = v**2 - 1. Let x(g) = 7*g**2 - 4*g - 2. Let y be ((-5)/2 + 2)*2. Let j(i) = y*x(i) + 6*o(i). Give j(5).
-9
Let t(l) = l. Let q be 14/4 + (-3)/(-6). Let c(f) = -7*f - 1. Let a(k) = q*t(k) + c(k). Let d(n) = -n**2 + 3*n - 2. Let r be d(3). Give a(r).
5
Let l(f) = f + f - 3*f + 2*f. Suppose 5*p = m + 29, 35 = 4*p + p + 5*m. Let k(c) = -c**3 + 6*c**2 + 2*c - 7. Let x be k(p). Determine l(x).
5
Let h(c) = -6*c**2 + c**3 - c + 5 + c**2 - c. Let o = 4 - -1. What is h(o)?
-5
Let l(p) be the second derivative of p + 0 + p**2 + 1/3*p**3. Let k(h) = h**3 - 6*h**2 + 2*h - 9. Let v be k(6). Calculate l(v).
8
Let v(t) = -2*t**2 + t + 2. Let c(f) = -10*f**2 + 6*f + 11. Let m(j) = 2*c(j) - 11*v(j). Suppose -k = -2 - 0. Give m(k).
10
Let f(a) = -a - 7. Let g be f(-6). Let n(w) = -4*w**2 + 2*w + 1. Let u(c) = 5*c**2 - 2*c - 1. Let v(z) = -7*n(z) - 6*u(z). What is v(g)?
-1
Suppose v = 2 + 2. Suppose -15 = -7*j + v*j. Suppose -j = 6*p - p. Let g(t) = t**2 + t + 1. Calculate g(p).
1
Let g(z) = z**2 + 4*z - 1. Let j be g(-3). Suppose -2*x + 35 = 3*x + 5*o, -4*x = -o - 3. Let d(f) = -x + 3*f**2 + f**3 + 1 + 4 - 2*f. Give d(j).
-5
Let g(n) = 2*n - 3. Let f(l) = 2*l**3 - 5*l**2 + 6*l. Let m be f(4). Let w be (m/15)/((-2)/(-20)). Let j be 2/9 - w/(-27). Give g(j).
1
Let l(s) = -6 - s - 2 + 9. Give l(3).
-2
Let a be 3/(2/((-4)/(-2))). Let q(x) = -2*x**2 + 15*x**2 - 2 + x**3 - 3*x - 16*x**2. Calculate q(a).
-11
Let z(l) = -l**3 - 3*l**2 + 4*l + 3. Suppose 4*c - 3*u - 31 = 0, -c + 3 = -3*u - 7. Let d = 15 - 26. Let r = d + c. What is z(r)?
3
Let q(b) = -b**3 - b**2. Let a(k) = 3*k**3 + 2*k**2 - k - 2. Let f(s) = -a(s) - 2*q(s). What is f(-2)?
8
Let u(j) = 14 - 5*j**2 - j**3 + j - 6 - 6. Give u(-5).
-3
Suppose 2*j - x - 5 + 8 